26782455?
5, 41, 131, 4721
List the prime factors of 56901874.
2, 139, 197, 1039
What are the prime factors of 908176959?
3, 100908551
List the prime factors of 351909686.
2, 233, 755171
What are the prime factors of 319120393?
127, 2512759
List the prime factors of 37009831.
37009831
What are the prime factors of 434485366?
2, 7, 29, 139, 7699
List the prime factors of 1558062254.
2, 7, 103, 191, 5657
What are the prime factors of 899975507?
5399, 166693
List the prime factors of 157814120.
2, 5, 3945353
What are the prime factors of 8273104222?
2, 19, 1381, 157649
What are the prime factors of 44285163?
3, 13, 359, 3163
List the prime factors of 874342.
2, 7, 19, 173
List the prime factors of 210663930.
2, 3, 5, 7022131
List the prime factors of 110036182.
2, 19, 859, 3371
List the prime factors of 8389637.
419, 20023
What are the prime factors of 46631353?
46631353
What are the prime factors of 701127326?
2, 59, 907, 6551
List the prime factors of 29866068.
2, 3, 829613
List the prime factors of 29083317.
3, 29, 353, 947
What are the prime factors of 1056701034?
2, 3, 58705613
What are the prime factors of 84138601?
41, 47, 929
List the prime factors of 39538056.
2, 3, 17, 96907
What are the prime factors of 24288109?
29, 837521
List the prime factors of 487940510.
2, 5, 6733, 7247
List the prime factors of 134427848.
2, 41, 409841
What are the prime factors of 996917325?
3, 5, 1571, 8461
List the prime factors of 671826921.
3, 71, 1223, 2579
List the prime factors of 29775491.
37, 804743
List the prime factors of 21374088.
2, 3, 19, 2467
What are the prime factors of 80186473?
80186473
List the prime factors of 38357383.
1301, 29483
List the prime factors of 389099670.
2, 3, 5, 19, 29, 23539
What are the prime factors of 450787839?
3, 150262613
List the prime factors of 529851211.
37, 59, 251, 967
List the prime factors of 136639123.
136639123
List the prime factors of 176029819.
7, 25147117
What are the prime factors of 1391237907?
3, 11083, 41843
What are the prime factors of 728619082?
2, 17, 1901, 11273
List the prime factors of 25655840.
2, 5, 7, 22907
What are the prime factors of 107176874?
2, 7, 17, 401, 1123
What are the prime factors of 420702361?
23, 313, 58439
List the prime factors of 828356839.
828356839
What are the prime factors of 83809688?
2, 467, 22433
What are the prime factors of 76424024?
2, 2707, 3529
List the prime factors of 91941848.
2, 17, 676043
List the prime factors of 31740643.
11, 59, 48907
What are the prime factors of 6435114123?
3, 19, 29, 41, 94951
List the prime factors of 544305908.
2, 136076477
List the prime factors of 248358276.
2, 3, 6898841
List the prime factors of 1895452033.
6323, 299771
List the prime factors of 5469880643.
41, 569, 234467
What are the prime factors of 1036443266?
2, 518221633
List the prime factors of 413395398.
2, 3, 13, 281, 6287
What are the prime factors of 1044085950?
2, 3, 5, 85933
List the prime factors of 59113493.
313, 188861
List the prime factors of 24154735.
5, 11, 31, 457
What are the prime factors of 234286750?
2, 5, 937147
List the prime factors of 250143561.
3, 23, 1208423
What are the prime factors of 16692726?
2, 3, 229, 12149
What are the prime factors of 7942452342?
2, 3, 11, 43, 101, 229
List the prime factors of 88889005.
5, 17, 541, 1933
List the prime factors of 75820851.
3, 8424539
List the prime factors of 34118257.
34118257
What are the prime factors of 174245659?
7, 29, 97, 8849
List the prime factors of 91689401.
3271, 28031
What are the prime factors of 49905529?
557, 89597
What are the prime factors of 3623979083?
6469, 560207
What are the prime factors of 21644448?
2, 3, 7, 31, 1039
List the prime factors of 22520041.
61, 369181
List the prime factors of 40728710.
2, 5, 11, 370261
What are the prime factors of 3158047195?
5, 2029, 311291
What are the prime factors of 63822519?
3, 2363797
List the prime factors of 36422398.
2, 17, 211, 5077
List the prime factors of 161291350.
2, 5, 11, 293257
List the prime factors of 95135533.
5483, 17351
What are the prime factors of 71741254?
2, 13, 31, 89009
List the prime factors of 20841736.
2, 211, 12347
What are the prime factors of 1116063412?
2, 37, 7540969
What are the prime factors of 377496227?
193, 1955939
What are the prime factors of 1028991120?
2, 3, 5, 4287463
List the prime factors of 570879069.
3, 3967, 47969
List the prime factors of 278033816.
2, 97, 358291
What are the prime factors of 781191139?
1783, 438133
List the prime factors of 928623871.
7, 211, 617, 1019
List the prime factors of 3121980260.
2, 5, 7, 41, 83, 6553
List the prime factors of 32801975.
5, 1312079
List the prime factors of 260458105.
5, 17, 61, 191, 263
What are the prime factors of 122354758?
2, 4447, 13757
What are the prime factors of 98004669?
3, 7, 4666889
What are the prime factors of 14244750?
2, 3, 5, 13, 487
What are the prime factors of 1195152660?
2, 3, 5, 13, 47, 10867
What are the prime factors of 6990226?
2, 1493, 2341
What are the prime factors of 313574972?
2, 78393743
What are the prime factors of 1096143013?
7, 353, 443603
What are the prime factors of 3347196963?
3, 11, 17, 5966483
What are the prime factors of 1385958178?
2, 11, 41, 1536539
What are the prime factors of 26604802?
2, 7, 337, 5639
What are the prime factors of 27861558?
2, 3, 4643593
List the prime factors of 460105282.
2, 7, 13, 1583, 1597
What are the prime factors of 216096368?
2, 101, 133723
What are the prime factors of 2581615873?
29, 73, 1219469
What are the prime factors of 137055957?
3, 1153, 39623
What are the prime factors of 515112761?
23, 29, 157, 4919
List the prime factors of 1768402778.
2, 43, 20562823
What are the prime factors of 242637820?
2, 5, 43, 67, 4211
What are the prime factors of 63274066?
2, 19, 1665107
What are the prime factors of 771024077?
647, 1191691
List the prime factors of 746602652.
2, 401, 465463
What are the prime factors of 178695142?
2, 23, 168899
List the prime factors of 161014468.
2, 40253617
List the prime factors of 97639448.
2, 37, 329863
What are the prime factors of 84143413?
29, 1423, 2039
What are the prime factors of 749898793?
7, 467, 32771
List the prime factors of 1061703177.
3, 353901059
List the prime factors of 3512396255.
5, 31, 22660621
List the prime factors of 49043871.
3, 5449319
List the prime factors of 1934168666.
2, 967084333
List the prime factors of 1106860285.
5, 1867, 118571
What are the prime factors of 184879287?
3, 6847381
What are the prime factors of 1862029602?
2, 3, 19, 43, 53, 2389
List the prime factors of 36543390.
2, 3, 5, 13, 93701
List the prime factors of 1499812143.
3, 3989, 125329
What are the prime factors of 324610239?
3, 997, 108529
List the prime factors of 4183739589.
3, 41, 34014143
List the prime factors of 646938918.
2, 3, 41, 876611
What are the prime factors of 1060780176?
2, 3, 7366529
What are the prime factors of 1299592549?
137, 503, 18859
What are the prime factors of 401111868?
2, 3, 33425989
What are the prime factors of 2664617916?
2, 3, 433, 512821
What are the prime factors of 94724788?
2, 29, 816593
What are the prime factors of 134748186?
2, 3, 283, 79357
List the prime factors of 424053075.
3, 5, 157, 36013
List the prime factors of 762564472.
2, 47, 43151
List the prime factors of 4232674162.
2, 7759, 272759
What are the prime factors of 301569751?
7, 43081393
List the prime factors of 10539273.
3, 137, 25643
List the prime factors of 1222315671.
3, 787, 517711
What are the prime factors of 139160557?
23, 73, 82883
What are the prime factors of 334706472?
2, 3, 17, 91151
What are the prime factors of 489579283?
149, 1621, 2027
List the prime factors of 595770405.
3, 5, 39718027
What are the prime factors of 494430812?
2, 127, 973289
List the prime factors of 66093407.
29, 2279083
What are the prime factors of 23320654?
2, 7, 1665761
List the prime factors of 6309936172.
2, 17, 92793179
What are the prime factors of 191818419?
3, 13, 1627, 3023
What are the prime factors of 72290732?
2, 17, 73, 14563
What are the prime factors of 774961761?
3, 7, 36902941
What are the prime factors of 32361538?
2, 11, 541, 2719
What are the prime factors of 218283193?
61, 193, 18541
What are the prime factors of 7741058986?
2, 23, 7229,